{"id":161,"date":"2025-01-03T13:51:38","date_gmt":"2025-01-03T12:51:38","guid":{"rendered":"https:\/\/www.polares.pl\/?page_id=161"},"modified":"2026-03-24T12:01:51","modified_gmt":"2026-03-24T11:01:51","slug":"o-projekcie","status":"publish","type":"page","link":"https:\/\/www.polares.pl\/index.php\/o-projekcie\/","title":{"rendered":"O projekcie"},"content":{"rendered":"\n<figure class=\"wp-block-pullquote has-large-font-size\"><blockquote><p>POLARES to og\u00f3lnopolskie badanie epidemiologiczne zdrowia seksualnego i prokreacyjnego w sytuacji obci\u0105\u017cenia wielochorobowo\u015bci\u0105 \u2013 STI\/HIV, zaburzeniami psychicznymi i uzale\u017cnieniami.<\/p><cite>Projekt sponsorowany jest ze \u015brodk\u00f3w Agencji Bada\u0144 Medycznych i prowadzony przez naukowc\u00f3w Uniwersytetu Warszawskiego. Wyniki bada\u0144 b\u0119d\u0105 publikowane w artyku\u0142ach naukowych oraz raportach zdrowia publicznego.<\/cite><\/blockquote><\/figure>\n\n\n\n<div class=\"wp-block-cover alignfull has-parallax\"><div role=\"img\" aria-label=\"Colorful vivid abstract background with blue and purple with dark lines and lights\" class=\"wp-block-cover__image-background wp-image-423 size-large has-parallax\" style=\"background-position:50% 50%;background-image:url(https:\/\/www.polares.pl\/wp-content\/uploads\/2026\/02\/colorful-vivid-abstract-background-with-blue-and-purple-with-dark-lines-and-lights-7130472-1024x683.jpg)\"><\/div><span aria-hidden=\"true\" class=\"wp-block-cover__background has-background-dim\" style=\"background-color:#6c71d1\"><\/span><div class=\"wp-block-cover__inner-container is-layout-flow wp-block-cover-is-layout-flow\">\n<p class=\"has-text-align-center has-heading-font-family\" style=\"font-size:clamp(1.146rem, 1.146rem + ((1vw - 0.2rem) * 1.09), 1.8rem);\">Ca\u0142kowita warto\u015b\u0107 projektu:\u00a0 <strong>26 586 528,70 z\u0142<\/strong><br>Warto\u015b\u0107 dofinansowania:\u00a0 <strong>26 586 528,70 z\u0142<\/strong><br>Okres realizacji projektu:\u00a0<strong>01.05.2024 \u2013 30.04.2030<\/strong><br>G\u0142\u00f3wny Badacz:\u00a0<strong>Prof. dr hab. Zbigniew Izdebski<\/strong>\u00a0<\/p>\n<\/div><\/div>\n\n\n\n<div class=\"wp-block-kadence-infobox kt-info-box161_341fbc-67\"><span class=\"kt-blocks-info-box-link-wrap info-box-link kt-blocks-info-box-media-align-left kt-info-halign-left\"><div class=\"kt-blocks-info-box-media-container\"><div class=\"kt-blocks-info-box-media kt-info-media-animate-none\"><div class=\"kadence-info-box-icon-container kt-info-icon-animate-none\"><div class=\"kadence-info-box-icon-inner-container\"><span class=\"kb-svg-icon-wrap kb-svg-icon-fe_chevronRight kt-info-svg-icon\"><svg viewBox=\"0 0 24 24\"  fill=\"none\" stroke=\"currentColor\" stroke-width=\"2\" stroke-linecap=\"round\" stroke-linejoin=\"round\" xmlns=\"http:\/\/www.w3.org\/2000\/svg\"  aria-hidden=\"true\"><polyline points=\"9 18 15 12 9 6\"\/><\/svg><\/span><\/div><\/div><\/div><\/div><div class=\"kt-infobox-textcontent\"><h2 class=\"kt-blocks-info-box-title\">Cel projektu<\/h2><p class=\"kt-blocks-info-box-text\"><strong>G\u0142\u00f3wny celem<\/strong> jest okre\u015blenie &#8211; w populacji og\u00f3lnej oraz w wybranych subpopulacjach &#8211; <strong>cz\u0119sto\u015bci wyst\u0119powania i uwarunkowa\u0144 nowych zaka\u017ce\u0144<\/strong> chorobami przenoszonymi drog\u0105 p\u0142ciow\u0105 oraz wybranych ich <strong>skutk\u00f3w zdrowotnych i spo\u0142ecznych<\/strong>, w tym&nbsp;wielochorobowo\u015bci skojarzonej z STI\/HIV.<\/p><\/div><\/span><\/div>\n\n\n\n<div class=\"wp-block-cover alignfull has-parallax\"><div role=\"img\" aria-label=\"Healthcare worker reviewing medical data on a computer with a notebook open with written details, in a clinic setting.\" class=\"wp-block-cover__image-background wp-image-471 size-full has-parallax\" style=\"background-position:50% 50%;background-image:url(https:\/\/www.polares.pl\/wp-content\/uploads\/2026\/02\/healthcare-worker-reviewing-medical-data-on-a-computer-with-a-notebook-open-with-written-details-in-a-clinic-setting.-7088534-scaled.jpg)\"><\/div><span aria-hidden=\"true\" class=\"wp-block-cover__background has-background-dim\" style=\"background-color:#4c4131\"><\/span><div class=\"wp-block-cover__inner-container has-global-padding is-layout-constrained wp-block-cover-is-layout-constrained\">\n<p class=\"has-text-align-center has-large-font-size\"><strong>Jak i kogo badamy?<\/strong><\/p>\n<\/div><\/div>\n\n\n\n<h2 class=\"wp-block-heading has-text-align-center is-style-asterisk\">Skupiamy si\u0119 na trzech g\u0142\u00f3wnych obszarach:<\/h2>\n\n\n\n<div class=\"wp-block-group is-nowrap is-layout-flex wp-container-core-group-is-layout-6c531013 wp-block-group-is-layout-flex\">\n<p><strong>Wyst\u0119powanie STI\/HIV:<\/strong> Liczba zaka\u017ce\u0144, wyniki test\u00f3w i obecno\u015b\u0107 przeciwcia\u0142.<\/p>\n\n\n\n<p><strong>Wielochorobowo\u015b\u0107:<\/strong> Problemy zdrowotne, takie jak uzale\u017cnienia czy zaburzenia psychiczne.<\/p>\n\n\n\n<p><strong>Stosowanie leczenia:<\/strong> Ocena przestrzegania zalece\u0144 w grupie os\u00f3b \u017cyj\u0105cych z HIV.<\/p>\n<\/div>\n\n\n\n<div class=\"wp-block-group is-vertical is-layout-flex wp-container-core-group-is-layout-fe9cc265 wp-block-group-is-layout-flex\">\n<div class=\"wp-block-kadence-infobox kt-info-box161_873fbe-49\"><span class=\"kt-blocks-info-box-link-wrap info-box-link kt-blocks-info-box-media-align-left kt-info-halign-left\"><div class=\"kt-blocks-info-box-media-container\"><div class=\"kt-blocks-info-box-media kt-info-media-animate-none\"><div class=\"kadence-info-box-icon-container kt-info-icon-animate-none\"><div class=\"kadence-info-box-icon-inner-container\"><span class=\"kb-svg-icon-wrap kb-svg-icon-fe_chevronRight kt-info-svg-icon\"><svg viewBox=\"0 0 24 24\"  fill=\"none\" stroke=\"currentColor\" stroke-width=\"2\" stroke-linecap=\"round\" stroke-linejoin=\"round\" xmlns=\"http:\/\/www.w3.org\/2000\/svg\"  aria-hidden=\"true\"><polyline points=\"9 18 15 12 9 6\"\/><\/svg><\/span><\/div><\/div><\/div><\/div><div class=\"kt-infobox-textcontent\"><h2 class=\"kt-blocks-info-box-title\">Jak badamy?<\/h2><p class=\"kt-blocks-info-box-text\">Sprawdzamy, jak cz\u0119sto dochodzi do <strong>nowych zaka\u017ce\u0144 STI (w tym HIV)<\/strong> i jakie s\u0105 tego przyczyny.<br>Analizujemy <strong>skutki zdrowotne i spo\u0142eczne<\/strong> tych zaka\u017ce\u0144, szczeg\u00f3lnie w kontek\u015bcie innych chor\u00f3b.<br>Badamy, jak zaka\u017cenia wp\u0142ywaj\u0105 na <strong>zdrowie i decyzje dotycz\u0105ce potomstwa<\/strong>.<\/p><\/div><\/span><\/div>\n\n\n\n<div class=\"wp-block-kadence-infobox kt-info-box161_9b10c3-fb\"><span class=\"kt-blocks-info-box-link-wrap info-box-link kt-blocks-info-box-media-align-left kt-info-halign-left\"><div class=\"kt-blocks-info-box-media-container\"><div class=\"kt-blocks-info-box-media kt-info-media-animate-none\"><div class=\"kadence-info-box-icon-container kt-info-icon-animate-none\"><div class=\"kadence-info-box-icon-inner-container\"><span class=\"kb-svg-icon-wrap kb-svg-icon-fe_chevronRight kt-info-svg-icon\"><svg viewBox=\"0 0 24 24\"  fill=\"none\" stroke=\"currentColor\" stroke-width=\"2\" stroke-linecap=\"round\" stroke-linejoin=\"round\" xmlns=\"http:\/\/www.w3.org\/2000\/svg\"  aria-hidden=\"true\"><polyline points=\"9 18 15 12 9 6\"\/><\/svg><\/span><\/div><\/div><\/div><\/div><div class=\"kt-infobox-textcontent\"><h2 class=\"kt-blocks-info-box-title\">Kogo badamy?<\/h2><p class=\"kt-blocks-info-box-text\">Osoby <strong>\u017cyj\u0105ce z HIV<\/strong>.<br>Osoby u\u017cywaj\u0105ce <strong>substancji psychoaktywnych w celach seksualnych<\/strong>.<br><strong>Student\u00f3w<\/strong> prowadz\u0105cych aktywne \u017cycie seksualne.<br><strong>Populacj\u0119 og\u00f3ln\u0105<\/strong> (dla por\u00f3wnania).<\/p><\/div><\/span><\/div>\n\n\n\n<div class=\"wp-block-kadence-infobox kt-info-box161_28861b-f0\"><span class=\"kt-blocks-info-box-link-wrap info-box-link kt-blocks-info-box-media-align-left kt-info-halign-left\"><div class=\"kt-blocks-info-box-media-container\"><div class=\"kt-blocks-info-box-media kt-info-media-animate-none\"><div class=\"kadence-info-box-icon-container kt-info-icon-animate-none\"><div class=\"kadence-info-box-icon-inner-container\"><span class=\"kb-svg-icon-wrap kb-svg-icon-fe_chevronRight kt-info-svg-icon\"><svg viewBox=\"0 0 24 24\"  fill=\"none\" stroke=\"currentColor\" stroke-width=\"2\" stroke-linecap=\"round\" stroke-linejoin=\"round\" xmlns=\"http:\/\/www.w3.org\/2000\/svg\"  aria-hidden=\"true\"><polyline points=\"9 18 15 12 9 6\"\/><\/svg><\/span><\/div><\/div><\/div><\/div><div class=\"kt-infobox-textcontent\"><h2 class=\"kt-blocks-info-box-title\">Sk\u0105d pochodz\u0105 dane?<\/h2><p class=\"kt-blocks-info-box-text\"><strong>Testy laboratoryjne:<\/strong> Badanie obecno\u015bci STI w grupach 1-3.<br><strong>Kwestionariusze:<\/strong> Subiektywne opinie uczestnik\u00f3w ze wszystkich grup.<\/p><\/div><\/span><\/div>\n<\/div>\n\n\n\n<div class=\"wp-block-cover alignfull has-parallax\"><div role=\"img\" aria-label=\"Vibrant crowd enjoying Pyrkon convention in urban Pozna\u0144 with skyscrapers lining the skyline.\" class=\"wp-block-cover__image-background wp-image-393 size-large has-parallax\" style=\"background-position:50% 50%;background-image:url(https:\/\/www.polares.pl\/wp-content\/uploads\/2026\/01\/vibrant-crowd-enjoying-pyrkon-convention-in-urban-poznan-with-skyscrapers-lining-the-skyline.-33533667-1024x683.jpg)\"><\/div><span aria-hidden=\"true\" class=\"wp-block-cover__background has-background-dim\" style=\"background-color:#6e746e\"><\/span><div class=\"wp-block-cover__inner-container has-global-padding is-layout-constrained wp-block-cover-is-layout-constrained\">\n<p class=\"has-text-align-center has-large-font-size\"><strong>Etyka i reprezentatywno\u015b\u0107<\/strong><\/p>\n<\/div><\/div>\n\n\n\n<div class=\"wp-block-group is-vertical is-layout-flex wp-container-core-group-is-layout-fe9cc265 wp-block-group-is-layout-flex\">\n<div class=\"wp-block-kadence-infobox kt-info-box161_0741ea-ae\"><span class=\"kt-blocks-info-box-link-wrap info-box-link kt-blocks-info-box-media-align-left kt-info-halign-left\"><div class=\"kt-blocks-info-box-media-container\"><div class=\"kt-blocks-info-box-media kt-info-media-animate-none\"><div class=\"kadence-info-box-image-inner-intrisic-container\"><div class=\"kadence-info-box-image-intrisic kt-info-animate-none kb-info-box-image-ratio kb-info-box-image-ratio-port34\"><div class=\"kadence-info-box-image-inner-intrisic\"><img loading=\"lazy\" decoding=\"async\" src=\"https:\/\/www.polares.pl\/wp-content\/uploads\/2026\/02\/intimate-close-up-of-a-couple-in-denim-jeans-holding-hands-symbolizing-love-and-connection.-3693861-scaled.jpg\" alt=\"Intimate close-up of a couple in denim jeans holding hands, symbolizing love and connection.\" width=\"1707\" height=\"2560\" class=\"kt-info-box-image wp-image-441\" srcset=\"https:\/\/www.polares.pl\/wp-content\/uploads\/2026\/02\/intimate-close-up-of-a-couple-in-denim-jeans-holding-hands-symbolizing-love-and-connection.-3693861-scaled.jpg 1707w, https:\/\/www.polares.pl\/wp-content\/uploads\/2026\/02\/intimate-close-up-of-a-couple-in-denim-jeans-holding-hands-symbolizing-love-and-connection.-3693861-200x300.jpg 200w, https:\/\/www.polares.pl\/wp-content\/uploads\/2026\/02\/intimate-close-up-of-a-couple-in-denim-jeans-holding-hands-symbolizing-love-and-connection.-3693861-683x1024.jpg 683w, https:\/\/www.polares.pl\/wp-content\/uploads\/2026\/02\/intimate-close-up-of-a-couple-in-denim-jeans-holding-hands-symbolizing-love-and-connection.-3693861-768x1152.jpg 768w, https:\/\/www.polares.pl\/wp-content\/uploads\/2026\/02\/intimate-close-up-of-a-couple-in-denim-jeans-holding-hands-symbolizing-love-and-connection.-3693861-1024x1536.jpg 1024w, https:\/\/www.polares.pl\/wp-content\/uploads\/2026\/02\/intimate-close-up-of-a-couple-in-denim-jeans-holding-hands-symbolizing-love-and-connection.-3693861-1365x2048.jpg 1365w\" sizes=\"auto, (max-width: 1707px) 100vw, 1707px\" \/><\/div><\/div><\/div><\/div><\/div><div class=\"kt-infobox-textcontent\"><h2 class=\"kt-blocks-info-box-title\">Udzia\u0142 w badaniu jest bezp\u0142atny.<\/h2><p class=\"kt-blocks-info-box-text\">Badanie jest prowadzone zgodnie z najwy\u017cszymi standardami etycznymi, zapewniaj\u0105c poufno\u015b\u0107, dobrowolno\u015b\u0107 i \u015bwiadom\u0105 zgod\u0119 uczestnik\u00f3w.<\/p><\/div><\/span><\/div>\n\n\n\n<p>Projekt uzyska\u0142 <strong>pozytywn\u0105 opini\u0119 Komisji ds. Etyki Bada\u0144 Naukowych z Udzia\u0142em Cz\u0142owieka Uniwersytetu Warszawskiego<\/strong> (nr wniosku 345\/2024)&nbsp;potwierdzaj\u0105c\u0105, \u017ce badanie b\u0119dzie realizowane zgodnie z prawem i zasadami etyki. <\/p>\n\n\n\n<p>W przypadku wykrycia jakiejkolwiek STI podczas z badanymi skontaktuje si\u0119 lekarz koordynator, kt\u00f3ry zaproponuje spotkanie w celu zinterpretowania wynik\u00f3w laboratoryjnych i ustalenia mo\u017cliwo\u015bci leczenia. Uczestnicy badania zostan\u0105 r\u00f3wnie\u017c poinformowani, gdzie mog\u0105 znale\u017a\u0107 wsparcie, je\u015bli uczestnictwo w badaniu wywo\u0142a\u0142o u nich trudne emocje lub stres.<\/p>\n\n\n\n<div class=\"wp-block-kadence-infobox kt-info-box161_a1579c-c5\"><span class=\"kt-blocks-info-box-link-wrap info-box-link kt-blocks-info-box-media-align-left kt-info-halign-left\"><div class=\"kt-blocks-info-box-media-container\"><div class=\"kt-blocks-info-box-media kt-info-media-animate-none\"><div class=\"kadence-info-box-icon-container kt-info-icon-animate-none\"><div class=\"kadence-info-box-icon-inner-container\"><span class=\"kb-svg-icon-wrap kb-svg-icon-fe_chevronRight kt-info-svg-icon\"><svg viewBox=\"0 0 24 24\"  fill=\"none\" stroke=\"currentColor\" stroke-width=\"2\" stroke-linecap=\"round\" stroke-linejoin=\"round\" xmlns=\"http:\/\/www.w3.org\/2000\/svg\"  aria-hidden=\"true\"><polyline points=\"9 18 15 12 9 6\"\/><\/svg><\/span><\/div><\/div><\/div><\/div><div class=\"kt-infobox-textcontent\"><h2 class=\"kt-blocks-info-box-title\">To wa\u017cne:<\/h2><p class=\"kt-blocks-info-box-text\">W przypadku wykrycia <strong>jakiejkolwiek STI<\/strong>, z badanymi skontaktuje si\u0119 lekarz koordynator, kt\u00f3ry zaproponuje spotkanie w celu zinterpretowania wynik\u00f3w laboratoryjnych i ustalenia mo\u017cliwo\u015bci leczenia. <br>Uczestnicy badania zostan\u0105 r\u00f3wnie\u017c poinformowani, gdzie mog\u0105 znale\u017a\u0107 <strong>wsparcie<\/strong>, je\u015bli uczestnictwo w badaniu wywo\u0142a\u0142o u nich <strong>trudne emocje lub stres<\/strong>.<\/p><\/div><\/span><\/div>\n<\/div>\n\n\n\n<div class=\"wp-block-cover alignfull has-parallax\"><div role=\"img\" aria-label=\"Colorful vivid abstract background with blue and purple with dark lines and lights\" class=\"wp-block-cover__image-background wp-image-423 size-large has-parallax\" style=\"background-position:50% 50%;background-image:url(https:\/\/www.polares.pl\/wp-content\/uploads\/2026\/02\/colorful-vivid-abstract-background-with-blue-and-purple-with-dark-lines-and-lights-7130472-1024x683.jpg)\"><\/div><span aria-hidden=\"true\" class=\"wp-block-cover__background has-background-dim\" style=\"background-color:#6c71d1\"><\/span><div class=\"wp-block-cover__inner-container is-layout-flow wp-block-cover-is-layout-flow\">\n<p class=\"has-text-align-center has-heading-font-family has-x-large-font-size\">Zesp\u00f3\u0142 badawczy&nbsp;<\/p>\n\n\n\n<div style=\"height:23px\" aria-hidden=\"true\" class=\"wp-block-spacer\"><\/div>\n\n\n\n<div class=\"wp-block-kadence-advancedbtn kb-buttons-wrap kb-btns161_8ee6d4-e2\"><a class=\"kb-button kt-button button kb-btn161_2473bf-13 kt-btn-size-standard kt-btn-width-type-auto kb-btn-global-outline  kt-btn-has-text-true kt-btn-has-svg-false  wp-block-kadence-singlebtn\" href=\"https:\/\/www.polares.pl\/index.php\/kontakt\/\"><span class=\"kt-btn-inner-text\">Skontaktuj si\u0119 z nami<\/span><\/a><\/div>\n<\/div><\/div>\n\n\n\n<div class=\"wp-block-group has-global-padding is-layout-constrained wp-block-group-is-layout-constrained\">\n\n\n<div class=\"wp-block-kadence-infobox kt-info-box161_f5f7da-6b\"><span class=\"kt-blocks-info-box-link-wrap info-box-link kt-blocks-info-box-media-align-left kt-info-halign-left\"><div class=\"kt-blocks-info-box-media-container\"><div class=\"kt-blocks-info-box-media kt-info-media-animate-none\"><div class=\"kadence-info-box-image-inner-intrisic-container\"><div class=\"kadence-info-box-image-intrisic kt-info-animate-none\"><div class=\"kadence-info-box-image-inner-intrisic\"><img loading=\"lazy\" decoding=\"async\" src=\"https:\/\/www.polares.pl\/wp-content\/uploads\/2025\/08\/Z-Izdebski-2025-2-Large.jpeg\" alt=\"\" width=\"853\" height=\"1280\" class=\"kt-info-box-image wp-image-219\" srcset=\"https:\/\/www.polares.pl\/wp-content\/uploads\/2025\/08\/Z-Izdebski-2025-2-Large.jpeg 853w, https:\/\/www.polares.pl\/wp-content\/uploads\/2025\/08\/Z-Izdebski-2025-2-Large-200x300.jpeg 200w, https:\/\/www.polares.pl\/wp-content\/uploads\/2025\/08\/Z-Izdebski-2025-2-Large-682x1024.jpeg 682w, https:\/\/www.polares.pl\/wp-content\/uploads\/2025\/08\/Z-Izdebski-2025-2-Large-768x1152.jpeg 768w\" sizes=\"auto, (max-width: 853px) 100vw, 853px\" \/><\/div><\/div><\/div><\/div><\/div><div class=\"kt-infobox-textcontent\"><h4 class=\"kt-blocks-info-box-title\">G\u0142\u00f3wny badacz: Prof. dr hab. Zbigniew Izdebski<\/h4><p class=\"kt-blocks-info-box-text\">Seksuolog, pedagog, doradca rodzinny, specjalista&nbsp;<br>w zakresie zdrowia publicznego, autor polskich&nbsp;i  mi\u0119dzynarodowych bada\u0144 i publikacji.<br><br>Koordynator Wydzia\u0142u Medycznego Uniwersytetu Warszawskiego.<br><br>Profesor na Wydziale Pedagogicznym UW,<br>Kierownik Katedry Humanizacji&nbsp;Medycyny i Seksuologii, Collegium&nbsp;Medicum Uniwersytetu Zielonog\u00f3rskiego<\/p><\/div><\/span><\/div>\n\n\n\n<div class=\"wp-block-columns is-layout-flex wp-container-core-columns-is-layout-28f84493 wp-block-columns-is-layout-flex\">\n<div class=\"wp-block-column is-layout-flow wp-block-column-is-layout-flow\">\n<figure class=\"wp-block-image size-large has-custom-border is-style-rounded is-style-rounded--1\"><img loading=\"lazy\" decoding=\"async\" width=\"682\" height=\"1024\" src=\"https:\/\/www.polares.pl\/wp-content\/uploads\/2025\/08\/A-Nowak-2025-Large-682x1024.jpeg\" alt=\"\" class=\"wp-image-227\" style=\"border-style:none;border-width:0px;border-top-left-radius:100px;border-top-right-radius:100px;border-bottom-left-radius:100px;border-bottom-right-radius:100px\" srcset=\"https:\/\/www.polares.pl\/wp-content\/uploads\/2025\/08\/A-Nowak-2025-Large-682x1024.jpeg 682w, https:\/\/www.polares.pl\/wp-content\/uploads\/2025\/08\/A-Nowak-2025-Large-200x300.jpeg 200w, https:\/\/www.polares.pl\/wp-content\/uploads\/2025\/08\/A-Nowak-2025-Large-768x1152.jpeg 768w, https:\/\/www.polares.pl\/wp-content\/uploads\/2025\/08\/A-Nowak-2025-Large.jpeg 853w\" sizes=\"auto, (max-width: 682px) 100vw, 682px\" \/><\/figure>\n\n\n\n<p>Dr Arkadiusz Nowak<\/p>\n\n\n\n<p class=\"has-small-font-size\">Zast\u0119pca g\u0142\u00f3wnego badacza ds. STI\/HIV<\/p>\n<\/div>\n\n\n\n<div class=\"wp-block-column is-layout-flow wp-block-column-is-layout-flow\">\n<figure class=\"wp-block-image size-large has-custom-border is-style-rounded is-style-rounded--2\"><img loading=\"lazy\" decoding=\"async\" width=\"682\" height=\"1024\" src=\"https:\/\/www.polares.pl\/wp-content\/uploads\/2025\/08\/J-Mazur-2025-Large-682x1024.jpeg\" alt=\"\" class=\"wp-image-223\" style=\"border-style:none;border-width:0px;border-top-left-radius:100px;border-top-right-radius:100px;border-bottom-left-radius:100px;border-bottom-right-radius:100px\" srcset=\"https:\/\/www.polares.pl\/wp-content\/uploads\/2025\/08\/J-Mazur-2025-Large-682x1024.jpeg 682w, https:\/\/www.polares.pl\/wp-content\/uploads\/2025\/08\/J-Mazur-2025-Large-200x300.jpeg 200w, https:\/\/www.polares.pl\/wp-content\/uploads\/2025\/08\/J-Mazur-2025-Large-768x1152.jpeg 768w, https:\/\/www.polares.pl\/wp-content\/uploads\/2025\/08\/J-Mazur-2025-Large.jpeg 853w\" sizes=\"auto, (max-width: 682px) 100vw, 682px\" \/><\/figure>\n\n\n\n<p>Prof. Joanna Mazur<\/p>\n\n\n\n<p class=\"has-small-font-size\">Koordynator ds. epidemiologii i biostatystyki<\/p>\n<\/div>\n\n\n\n<div class=\"wp-block-column is-layout-flow wp-block-column-is-layout-flow\">\n<figure class=\"wp-block-image size-full has-custom-border is-style-rounded is-style-rounded--3\"><img loading=\"lazy\" decoding=\"async\" width=\"1708\" height=\"2560\" src=\"https:\/\/www.polares.pl\/wp-content\/uploads\/2025\/08\/NEW06241-scaled.jpg\" alt=\"\" class=\"wp-image-317\" style=\"border-style:none;border-width:0px;border-top-left-radius:100px;border-top-right-radius:100px;border-bottom-left-radius:100px;border-bottom-right-radius:100px\" srcset=\"https:\/\/www.polares.pl\/wp-content\/uploads\/2025\/08\/NEW06241-scaled.jpg 1708w, https:\/\/www.polares.pl\/wp-content\/uploads\/2025\/08\/NEW06241-200x300.jpg 200w\" sizes=\"auto, (max-width: 1708px) 100vw, 1708px\" \/><\/figure>\n\n\n\n<p>Prof. dr hab. Ewa Baum<\/p>\n\n\n\n<p class=\"has-small-font-size\">Specjalista ds. etyki bada\u0144 i uwarunkowa\u0144 kulturowo-spo\u0142ecznych<\/p>\n<\/div>\n<\/div>\n\n\n\n<figure class=\"wp-block-image size-large has-custom-border is-style-rounded is-style-rounded--4\"><img loading=\"lazy\" decoding=\"async\" width=\"1024\" height=\"682\" src=\"https:\/\/www.polares.pl\/wp-content\/uploads\/2025\/08\/Zespol-2025-Large-1024x682.jpeg\" alt=\"\" class=\"wp-image-217\" style=\"border-radius:55px\" srcset=\"https:\/\/www.polares.pl\/wp-content\/uploads\/2025\/08\/Zespol-2025-Large-1024x682.jpeg 1024w, https:\/\/www.polares.pl\/wp-content\/uploads\/2025\/08\/Zespol-2025-Large-300x200.jpeg 300w, https:\/\/www.polares.pl\/wp-content\/uploads\/2025\/08\/Zespol-2025-Large-768x512.jpeg 768w, https:\/\/www.polares.pl\/wp-content\/uploads\/2025\/08\/Zespol-2025-Large.jpeg 1280w\" sizes=\"auto, (max-width: 1024px) 100vw, 1024px\" \/><\/figure>\n<\/div>\n","protected":false},"excerpt":{"rendered":"<p>POLARES to og\u00f3lnopolskie badanie epidemiologiczne zdrowia seksualnego i prokreacyjnego w sytuacji obci\u0105\u017cenia wielochorobowo\u015bci\u0105 \u2013 STI\/HIV, zaburzeniami psychicznymi i uzale\u017cnieniami. Projekt sponsorowany jest ze \u015brodk\u00f3w Agencji Bada\u0144 Medycznych i prowadzony przez naukowc\u00f3w Uniwersytetu Warszawskiego. Wyniki bada\u0144 b\u0119d\u0105 publikowane w artyku\u0142ach naukowych oraz raportach zdrowia publicznego. Skupiamy si\u0119 na trzech g\u0142\u00f3wnych obszarach: Wyst\u0119powanie STI\/HIV: Liczba zaka\u017ce\u0144, wyniki [&hellip;]<\/p>\n","protected":false},"author":2,"featured_media":0,"parent":0,"menu_order":0,"comment_status":"closed","ping_status":"closed","template":"","meta":{"footnotes":""},"class_list":["post-161","page","type-page","status-publish","hentry"],"_links":{"self":[{"href":"https:\/\/www.polares.pl\/index.php\/wp-json\/wp\/v2\/pages\/161","targetHints":{"allow":["GET"]}}],"collection":[{"href":"https:\/\/www.polares.pl\/index.php\/wp-json\/wp\/v2\/pages"}],"about":[{"href":"https:\/\/www.polares.pl\/index.php\/wp-json\/wp\/v2\/types\/page"}],"author":[{"embeddable":true,"href":"https:\/\/www.polares.pl\/index.php\/wp-json\/wp\/v2\/users\/2"}],"replies":[{"embeddable":true,"href":"https:\/\/www.polares.pl\/index.php\/wp-json\/wp\/v2\/comments?post=161"}],"version-history":[{"count":33,"href":"https:\/\/www.polares.pl\/index.php\/wp-json\/wp\/v2\/pages\/161\/revisions"}],"predecessor-version":[{"id":522,"href":"https:\/\/www.polares.pl\/index.php\/wp-json\/wp\/v2\/pages\/161\/revisions\/522"}],"wp:attachment":[{"href":"https:\/\/www.polares.pl\/index.php\/wp-json\/wp\/v2\/media?parent=161"}],"curies":[{"name":"wp","href":"https:\/\/api.w.org\/{rel}","templated":true}]}}