{"id":248,"date":"2025-08-06T12:36:11","date_gmt":"2025-08-06T10:36:11","guid":{"rendered":"https:\/\/www.polares.pl\/?page_id=248"},"modified":"2026-02-11T15:24:28","modified_gmt":"2026-02-11T14:24:28","slug":"aktualnosci","status":"publish","type":"page","link":"https:\/\/www.polares.pl\/index.php\/aktualnosci\/","title":{"rendered":"Aktualno\u015bci"},"content":{"rendered":"<ul class=\"wp-block-kadence-posts kb-posts kadence-posts-list kb-posts-id-248_246942-2f content-wrap grid-cols kb-posts-style-boxed grid-sm-col-2 grid-lg-col-2 item-image-style-above\"><li class=\"kb-post-list-item\">\n\t<article class=\"entry content-bg loop-entry post-519 post type-post status-publish format-standard hentry category-news category-publikacje\">\n\t\t\t\t<div class=\"entry-content-wrap\">\n\t\t\t<header class=\"entry-header\">\n\t<h3 class=\"entry-title\"><a href=\"https:\/\/www.polares.pl\/index.php\/2026\/03\/16\/nowa-publikacja-naukowa-development-and-psychometric-validation-of-condom-sabotage-victimisation-scale-csvs-5-preliminary-findings\/\" rel=\"bookmark\">Nowa publikacja naukowa: Development and Psychometric Validation of Condom Sabotage Victimisation Scale (CSVS-5): Preliminary Findings<\/a><\/h3><\/header><!-- .entry-header -->\n<footer class=\"entry-footer\">\n\t\t\t<div class=\"entry-actions\">\n\t\t\t<p class=\"more-link-wrap\">\n\t\t\t\t<a href=\"https:\/\/www.polares.pl\/index.php\/2026\/03\/16\/nowa-publikacja-naukowa-development-and-psychometric-validation-of-condom-sabotage-victimisation-scale-csvs-5-preliminary-findings\/\" class=\"post-more-link\">\n\t\t\t\t\tPrzeczytaj<span class=\"screen-reader-text\"> Nowa publikacja naukowa: Development and Psychometric Validation of Condom Sabotage Victimisation Scale (CSVS-5): Preliminary Findings<\/span><span class=\"kadence-svg-iconset svg-baseline\"><svg aria-hidden=\"true\" class=\"kadence-svg-icon kadence-arrow-right-alt-svg\" fill=\"currentColor\" version=\"1.1\" xmlns=\"http:\/\/www.w3.org\/2000\/svg\" width=\"27\" height=\"28\" viewBox=\"0 0 27 28\"><title>Kontynuuj<\/title><path d=\"M27 13.953c0 0.141-0.063 0.281-0.156 0.375l-6 5.531c-0.156 0.141-0.359 0.172-0.547 0.094-0.172-0.078-0.297-0.25-0.297-0.453v-3.5h-19.5c-0.281 0-0.5-0.219-0.5-0.5v-3c0-0.281 0.219-0.5 0.5-0.5h19.5v-3.5c0-0.203 0.109-0.375 0.297-0.453s0.391-0.047 0.547 0.078l6 5.469c0.094 0.094 0.156 0.219 0.156 0.359v0z\"><\/path>\n\t\t\t<\/svg><\/span>\t\t\t\t<\/a>\n\t\t\t<\/p>\n\t\t<\/div><!-- .entry-actions -->\n\t\t<\/footer><!-- .entry-footer -->\t\t<\/div>\n\t<\/article>\n<\/li>\n<li class=\"kb-post-list-item\">\n\t<article class=\"entry content-bg loop-entry post-341 post type-post status-publish format-standard has-post-thumbnail hentry category-news\">\n\t\t\t\t<a aria-hidden=\"true\" tabindex=\"-1\" role=\"presentation\" class=\"post-thumbnail kadence-thumbnail-ratio-2-3\" href=\"https:\/\/www.polares.pl\/index.php\/2025\/12\/19\/udzial-w-miedzynarodowej-konferencji-polskiego-towarzystwa-seksuologicznego\/\" aria-label=\"Udzia\u0142 w Mi\u0119dzynarodowej Konferencji Polskiego Towarzystwa Seksuologicznego\">\n\t\t\t<div class=\"post-thumbnail-inner\">\n\t\t\t\t<img loading=\"lazy\" decoding=\"async\" width=\"300\" height=\"169\" src=\"https:\/\/www.polares.pl\/wp-content\/uploads\/2025\/12\/panel0-300x169.jpg\" class=\"attachment-medium size-medium wp-post-image\" alt=\"Udzia\u0142 w Mi\u0119dzynarodowej Konferencji Polskiego Towarzystwa Seksuologicznego\" srcset=\"https:\/\/www.polares.pl\/wp-content\/uploads\/2025\/12\/panel0-300x169.jpg 300w, https:\/\/www.polares.pl\/wp-content\/uploads\/2025\/12\/panel0.jpg 600w\" sizes=\"auto, (max-width: 300px) 100vw, 300px\" \/>\t\t\t<\/div>\n\t\t<\/a><!-- .post-thumbnail -->\n\t\t\t\t<div class=\"entry-content-wrap\">\n\t\t\t<header class=\"entry-header\">\n\t<h3 class=\"entry-title\"><a href=\"https:\/\/www.polares.pl\/index.php\/2025\/12\/19\/udzial-w-miedzynarodowej-konferencji-polskiego-towarzystwa-seksuologicznego\/\" rel=\"bookmark\">Udzia\u0142 w Mi\u0119dzynarodowej Konferencji Polskiego Towarzystwa Seksuologicznego<\/a><\/h3><\/header><!-- .entry-header -->\n<footer class=\"entry-footer\">\n\t\t\t<div class=\"entry-actions\">\n\t\t\t<p class=\"more-link-wrap\">\n\t\t\t\t<a href=\"https:\/\/www.polares.pl\/index.php\/2025\/12\/19\/udzial-w-miedzynarodowej-konferencji-polskiego-towarzystwa-seksuologicznego\/\" class=\"post-more-link\">\n\t\t\t\t\tPrzeczytaj<span class=\"screen-reader-text\"> Udzia\u0142 w Mi\u0119dzynarodowej Konferencji Polskiego Towarzystwa Seksuologicznego<\/span><span class=\"kadence-svg-iconset svg-baseline\"><svg aria-hidden=\"true\" class=\"kadence-svg-icon kadence-arrow-right-alt-svg\" fill=\"currentColor\" version=\"1.1\" xmlns=\"http:\/\/www.w3.org\/2000\/svg\" width=\"27\" height=\"28\" viewBox=\"0 0 27 28\"><title>Kontynuuj<\/title><path d=\"M27 13.953c0 0.141-0.063 0.281-0.156 0.375l-6 5.531c-0.156 0.141-0.359 0.172-0.547 0.094-0.172-0.078-0.297-0.25-0.297-0.453v-3.5h-19.5c-0.281 0-0.5-0.219-0.5-0.5v-3c0-0.281 0.219-0.5 0.5-0.5h19.5v-3.5c0-0.203 0.109-0.375 0.297-0.453s0.391-0.047 0.547 0.078l6 5.469c0.094 0.094 0.156 0.219 0.156 0.359v0z\"><\/path>\n\t\t\t<\/svg><\/span>\t\t\t\t<\/a>\n\t\t\t<\/p>\n\t\t<\/div><!-- .entry-actions -->\n\t\t<\/footer><!-- .entry-footer -->\t\t<\/div>\n\t<\/article>\n<\/li>\n<li class=\"kb-post-list-item\">\n\t<article class=\"entry content-bg loop-entry post-333 post type-post status-publish format-standard has-post-thumbnail hentry category-news\">\n\t\t\t\t<a aria-hidden=\"true\" tabindex=\"-1\" role=\"presentation\" class=\"post-thumbnail kadence-thumbnail-ratio-2-3\" href=\"https:\/\/www.polares.pl\/index.php\/2025\/11\/21\/udzial-zespolu-polares-w-konferencji-ssss-w-filadelfii\/\" aria-label=\"Udzia\u0142 zespo\u0142u POLARES w konferencji SSSS w Filadelfii\">\n\t\t\t<div class=\"post-thumbnail-inner\">\n\t\t\t\t<img loading=\"lazy\" decoding=\"async\" width=\"225\" height=\"300\" src=\"https:\/\/www.polares.pl\/wp-content\/uploads\/2025\/11\/IMG_6287-Medium-225x300.jpeg\" class=\"attachment-medium size-medium wp-post-image\" alt=\"Udzia\u0142 zespo\u0142u POLARES w konferencji SSSS w Filadelfii\" srcset=\"https:\/\/www.polares.pl\/wp-content\/uploads\/2025\/11\/IMG_6287-Medium-225x300.jpeg 225w, https:\/\/www.polares.pl\/wp-content\/uploads\/2025\/11\/IMG_6287-Medium.jpeg 480w\" sizes=\"auto, (max-width: 225px) 100vw, 225px\" \/>\t\t\t<\/div>\n\t\t<\/a><!-- .post-thumbnail -->\n\t\t\t\t<div class=\"entry-content-wrap\">\n\t\t\t<header class=\"entry-header\">\n\t<h3 class=\"entry-title\"><a href=\"https:\/\/www.polares.pl\/index.php\/2025\/11\/21\/udzial-zespolu-polares-w-konferencji-ssss-w-filadelfii\/\" rel=\"bookmark\">Udzia\u0142 zespo\u0142u POLARES w konferencji SSSS w Filadelfii<\/a><\/h3><\/header><!-- .entry-header -->\n<footer class=\"entry-footer\">\n\t\t\t<div class=\"entry-actions\">\n\t\t\t<p class=\"more-link-wrap\">\n\t\t\t\t<a href=\"https:\/\/www.polares.pl\/index.php\/2025\/11\/21\/udzial-zespolu-polares-w-konferencji-ssss-w-filadelfii\/\" class=\"post-more-link\">\n\t\t\t\t\tPrzeczytaj<span class=\"screen-reader-text\"> Udzia\u0142 zespo\u0142u POLARES w konferencji SSSS w Filadelfii<\/span><span class=\"kadence-svg-iconset svg-baseline\"><svg aria-hidden=\"true\" class=\"kadence-svg-icon kadence-arrow-right-alt-svg\" fill=\"currentColor\" version=\"1.1\" xmlns=\"http:\/\/www.w3.org\/2000\/svg\" width=\"27\" height=\"28\" viewBox=\"0 0 27 28\"><title>Kontynuuj<\/title><path d=\"M27 13.953c0 0.141-0.063 0.281-0.156 0.375l-6 5.531c-0.156 0.141-0.359 0.172-0.547 0.094-0.172-0.078-0.297-0.25-0.297-0.453v-3.5h-19.5c-0.281 0-0.5-0.219-0.5-0.5v-3c0-0.281 0.219-0.5 0.5-0.5h19.5v-3.5c0-0.203 0.109-0.375 0.297-0.453s0.391-0.047 0.547 0.078l6 5.469c0.094 0.094 0.156 0.219 0.156 0.359v0z\"><\/path>\n\t\t\t<\/svg><\/span>\t\t\t\t<\/a>\n\t\t\t<\/p>\n\t\t<\/div><!-- .entry-actions -->\n\t\t<\/footer><!-- .entry-footer -->\t\t<\/div>\n\t<\/article>\n<\/li>\n<li class=\"kb-post-list-item\">\n\t<article class=\"entry content-bg loop-entry post-330 post type-post status-publish format-standard has-post-thumbnail hentry category-news\">\n\t\t\t\t<a aria-hidden=\"true\" tabindex=\"-1\" role=\"presentation\" class=\"post-thumbnail kadence-thumbnail-ratio-2-3\" href=\"https:\/\/www.polares.pl\/index.php\/2025\/11\/21\/wizyta-zespolu-polares-w-instytucie-kinseya\/\" aria-label=\"Wizyta zespo\u0142u POLARES w Instytucie Kinseya\">\n\t\t\t<div class=\"post-thumbnail-inner\">\n\t\t\t\t<img loading=\"lazy\" decoding=\"async\" width=\"300\" height=\"225\" src=\"https:\/\/www.polares.pl\/wp-content\/uploads\/2025\/11\/IMG_6067-Medium-300x225.jpeg\" class=\"attachment-medium size-medium wp-post-image\" alt=\"Wizyta zespo\u0142u POLARES w Instytucie Kinseya\" srcset=\"https:\/\/www.polares.pl\/wp-content\/uploads\/2025\/11\/IMG_6067-Medium-300x225.jpeg 300w, https:\/\/www.polares.pl\/wp-content\/uploads\/2025\/11\/IMG_6067-Medium.jpeg 640w\" sizes=\"auto, (max-width: 300px) 100vw, 300px\" \/>\t\t\t<\/div>\n\t\t<\/a><!-- .post-thumbnail -->\n\t\t\t\t<div class=\"entry-content-wrap\">\n\t\t\t<header class=\"entry-header\">\n\t<h3 class=\"entry-title\"><a href=\"https:\/\/www.polares.pl\/index.php\/2025\/11\/21\/wizyta-zespolu-polares-w-instytucie-kinseya\/\" rel=\"bookmark\">Wizyta zespo\u0142u POLARES w Instytucie Kinseya<\/a><\/h3><\/header><!-- .entry-header -->\n<footer class=\"entry-footer\">\n\t\t\t<div class=\"entry-actions\">\n\t\t\t<p class=\"more-link-wrap\">\n\t\t\t\t<a href=\"https:\/\/www.polares.pl\/index.php\/2025\/11\/21\/wizyta-zespolu-polares-w-instytucie-kinseya\/\" class=\"post-more-link\">\n\t\t\t\t\tPrzeczytaj<span class=\"screen-reader-text\"> Wizyta zespo\u0142u POLARES w Instytucie Kinseya<\/span><span class=\"kadence-svg-iconset svg-baseline\"><svg aria-hidden=\"true\" class=\"kadence-svg-icon kadence-arrow-right-alt-svg\" fill=\"currentColor\" version=\"1.1\" xmlns=\"http:\/\/www.w3.org\/2000\/svg\" width=\"27\" height=\"28\" viewBox=\"0 0 27 28\"><title>Kontynuuj<\/title><path d=\"M27 13.953c0 0.141-0.063 0.281-0.156 0.375l-6 5.531c-0.156 0.141-0.359 0.172-0.547 0.094-0.172-0.078-0.297-0.25-0.297-0.453v-3.5h-19.5c-0.281 0-0.5-0.219-0.5-0.5v-3c0-0.281 0.219-0.5 0.5-0.5h19.5v-3.5c0-0.203 0.109-0.375 0.297-0.453s0.391-0.047 0.547 0.078l6 5.469c0.094 0.094 0.156 0.219 0.156 0.359v0z\"><\/path>\n\t\t\t<\/svg><\/span>\t\t\t\t<\/a>\n\t\t\t<\/p>\n\t\t<\/div><!-- .entry-actions -->\n\t\t<\/footer><!-- .entry-footer -->\t\t<\/div>\n\t<\/article>\n<\/li>\n<li class=\"kb-post-list-item\">\n\t<article class=\"entry content-bg loop-entry post-206 post type-post status-publish format-standard hentry category-news category-publikacje\">\n\t\t\t\t<div class=\"entry-content-wrap\">\n\t\t\t<header class=\"entry-header\">\n\t<h3 class=\"entry-title\"><a href=\"https:\/\/www.polares.pl\/index.php\/2025\/08\/06\/nowa-publikacja-naukowa-development-and-preliminary-validation-of-the-condom-attitude-scale-cas-a-tool-for-measuring-attitudes-towards-condom-use\/\" rel=\"bookmark\">Nowa publikacja naukowa: Development and Preliminary Validation of the Condom Attitude Scale (CAS): A Tool for Measuring Attitudes Towards Condom Use<\/a><\/h3><\/header><!-- .entry-header -->\n<footer class=\"entry-footer\">\n\t\t\t<div class=\"entry-actions\">\n\t\t\t<p class=\"more-link-wrap\">\n\t\t\t\t<a href=\"https:\/\/www.polares.pl\/index.php\/2025\/08\/06\/nowa-publikacja-naukowa-development-and-preliminary-validation-of-the-condom-attitude-scale-cas-a-tool-for-measuring-attitudes-towards-condom-use\/\" class=\"post-more-link\">\n\t\t\t\t\tPrzeczytaj<span class=\"screen-reader-text\"> Nowa publikacja naukowa: Development and Preliminary Validation of the Condom Attitude Scale (CAS): A Tool for Measuring Attitudes Towards Condom Use<\/span><span class=\"kadence-svg-iconset svg-baseline\"><svg aria-hidden=\"true\" class=\"kadence-svg-icon kadence-arrow-right-alt-svg\" fill=\"currentColor\" version=\"1.1\" xmlns=\"http:\/\/www.w3.org\/2000\/svg\" width=\"27\" height=\"28\" viewBox=\"0 0 27 28\"><title>Kontynuuj<\/title><path d=\"M27 13.953c0 0.141-0.063 0.281-0.156 0.375l-6 5.531c-0.156 0.141-0.359 0.172-0.547 0.094-0.172-0.078-0.297-0.25-0.297-0.453v-3.5h-19.5c-0.281 0-0.5-0.219-0.5-0.5v-3c0-0.281 0.219-0.5 0.5-0.5h19.5v-3.5c0-0.203 0.109-0.375 0.297-0.453s0.391-0.047 0.547 0.078l6 5.469c0.094 0.094 0.156 0.219 0.156 0.359v0z\"><\/path>\n\t\t\t<\/svg><\/span>\t\t\t\t<\/a>\n\t\t\t<\/p>\n\t\t<\/div><!-- .entry-actions -->\n\t\t<\/footer><!-- .entry-footer -->\t\t<\/div>\n\t<\/article>\n<\/li>\n<li class=\"kb-post-list-item\">\n\t<article class=\"entry content-bg loop-entry post-197 post type-post status-publish format-standard has-post-thumbnail hentry category-news\">\n\t\t\t\t<a aria-hidden=\"true\" tabindex=\"-1\" role=\"presentation\" class=\"post-thumbnail kadence-thumbnail-ratio-2-3\" href=\"https:\/\/www.polares.pl\/index.php\/2025\/08\/06\/pierwsze-spotkanie-seminaryjne-zespolu-projektowego-polares\/\" aria-label=\"Pierwsze spotkanie seminaryjne zespo\u0142u projektowego POLARES\">\n\t\t\t<div class=\"post-thumbnail-inner\">\n\t\t\t\t<img loading=\"lazy\" decoding=\"async\" width=\"300\" height=\"200\" src=\"https:\/\/www.polares.pl\/wp-content\/uploads\/2025\/08\/Zespol-2025-Large-300x200.jpeg\" class=\"attachment-medium size-medium wp-post-image\" alt=\"Pierwsze spotkanie seminaryjne zespo\u0142u projektowego POLARES\" srcset=\"https:\/\/www.polares.pl\/wp-content\/uploads\/2025\/08\/Zespol-2025-Large-300x200.jpeg 300w, https:\/\/www.polares.pl\/wp-content\/uploads\/2025\/08\/Zespol-2025-Large-1024x682.jpeg 1024w, https:\/\/www.polares.pl\/wp-content\/uploads\/2025\/08\/Zespol-2025-Large-768x512.jpeg 768w, https:\/\/www.polares.pl\/wp-content\/uploads\/2025\/08\/Zespol-2025-Large.jpeg 1280w\" sizes=\"auto, (max-width: 300px) 100vw, 300px\" \/>\t\t\t<\/div>\n\t\t<\/a><!-- .post-thumbnail -->\n\t\t\t\t<div class=\"entry-content-wrap\">\n\t\t\t<header class=\"entry-header\">\n\t<h3 class=\"entry-title\"><a href=\"https:\/\/www.polares.pl\/index.php\/2025\/08\/06\/pierwsze-spotkanie-seminaryjne-zespolu-projektowego-polares\/\" rel=\"bookmark\">Pierwsze spotkanie seminaryjne zespo\u0142u projektowego POLARES<\/a><\/h3><\/header><!-- .entry-header -->\n<footer class=\"entry-footer\">\n\t\t\t<div class=\"entry-actions\">\n\t\t\t<p class=\"more-link-wrap\">\n\t\t\t\t<a href=\"https:\/\/www.polares.pl\/index.php\/2025\/08\/06\/pierwsze-spotkanie-seminaryjne-zespolu-projektowego-polares\/\" class=\"post-more-link\">\n\t\t\t\t\tPrzeczytaj<span class=\"screen-reader-text\"> Pierwsze spotkanie seminaryjne zespo\u0142u projektowego POLARES<\/span><span class=\"kadence-svg-iconset svg-baseline\"><svg aria-hidden=\"true\" class=\"kadence-svg-icon kadence-arrow-right-alt-svg\" fill=\"currentColor\" version=\"1.1\" xmlns=\"http:\/\/www.w3.org\/2000\/svg\" width=\"27\" height=\"28\" viewBox=\"0 0 27 28\"><title>Kontynuuj<\/title><path d=\"M27 13.953c0 0.141-0.063 0.281-0.156 0.375l-6 5.531c-0.156 0.141-0.359 0.172-0.547 0.094-0.172-0.078-0.297-0.25-0.297-0.453v-3.5h-19.5c-0.281 0-0.5-0.219-0.5-0.5v-3c0-0.281 0.219-0.5 0.5-0.5h19.5v-3.5c0-0.203 0.109-0.375 0.297-0.453s0.391-0.047 0.547 0.078l6 5.469c0.094 0.094 0.156 0.219 0.156 0.359v0z\"><\/path>\n\t\t\t<\/svg><\/span>\t\t\t\t<\/a>\n\t\t\t<\/p>\n\t\t<\/div><!-- .entry-actions -->\n\t\t<\/footer><!-- .entry-footer -->\t\t<\/div>\n\t<\/article>\n<\/li>\n<li class=\"kb-post-list-item\">\n\t<article class=\"entry content-bg loop-entry post-201 post type-post status-publish format-standard has-post-thumbnail hentry category-news\">\n\t\t\t\t<a aria-hidden=\"true\" tabindex=\"-1\" role=\"presentation\" class=\"post-thumbnail kadence-thumbnail-ratio-2-3\" href=\"https:\/\/www.polares.pl\/index.php\/2025\/08\/06\/udzial-zespolu-polares-w-miedzynarodowej-konferencji-na-temat-hiv-i-chorob-przenoszonych-droga-plciowa-w-ameryce-lacinskiej\/\" aria-label=\"Udzia\u0142 zespo\u0142u POLARES w mi\u0119dzynarodowej konferencji na temat HIV i chor\u00f3b przenoszonych drog\u0105 p\u0142ciow\u0105 w Ameryce \u0141aci\u0144skiej\">\n\t\t\t<div class=\"post-thumbnail-inner\">\n\t\t\t\t<img loading=\"lazy\" decoding=\"async\" width=\"300\" height=\"300\" src=\"https:\/\/www.polares.pl\/wp-content\/uploads\/2025\/08\/A-Kozakiewicz-Brazylia-2025-do-notatki-edited-300x300.jpg\" class=\"attachment-medium size-medium wp-post-image\" alt=\"Udzia\u0142 zespo\u0142u POLARES w mi\u0119dzynarodowej konferencji na temat HIV i chor\u00f3b przenoszonych drog\u0105 p\u0142ciow\u0105 w Ameryce \u0141aci\u0144skiej\" srcset=\"https:\/\/www.polares.pl\/wp-content\/uploads\/2025\/08\/A-Kozakiewicz-Brazylia-2025-do-notatki-edited-300x300.jpg 300w, https:\/\/www.polares.pl\/wp-content\/uploads\/2025\/08\/A-Kozakiewicz-Brazylia-2025-do-notatki-edited-1024x1024.jpg 1024w, https:\/\/www.polares.pl\/wp-content\/uploads\/2025\/08\/A-Kozakiewicz-Brazylia-2025-do-notatki-edited-150x150.jpg 150w, https:\/\/www.polares.pl\/wp-content\/uploads\/2025\/08\/A-Kozakiewicz-Brazylia-2025-do-notatki-edited-768x768.jpg 768w, https:\/\/www.polares.pl\/wp-content\/uploads\/2025\/08\/A-Kozakiewicz-Brazylia-2025-do-notatki-edited.jpg 1152w\" sizes=\"auto, (max-width: 300px) 100vw, 300px\" \/>\t\t\t<\/div>\n\t\t<\/a><!-- .post-thumbnail -->\n\t\t\t\t<div class=\"entry-content-wrap\">\n\t\t\t<header class=\"entry-header\">\n\t<h3 class=\"entry-title\"><a href=\"https:\/\/www.polares.pl\/index.php\/2025\/08\/06\/udzial-zespolu-polares-w-miedzynarodowej-konferencji-na-temat-hiv-i-chorob-przenoszonych-droga-plciowa-w-ameryce-lacinskiej\/\" rel=\"bookmark\">Udzia\u0142 zespo\u0142u POLARES w mi\u0119dzynarodowej konferencji na temat HIV i chor\u00f3b przenoszonych drog\u0105 p\u0142ciow\u0105 w Ameryce \u0141aci\u0144skiej<\/a><\/h3><\/header><!-- .entry-header -->\n<footer class=\"entry-footer\">\n\t\t\t<div class=\"entry-actions\">\n\t\t\t<p class=\"more-link-wrap\">\n\t\t\t\t<a href=\"https:\/\/www.polares.pl\/index.php\/2025\/08\/06\/udzial-zespolu-polares-w-miedzynarodowej-konferencji-na-temat-hiv-i-chorob-przenoszonych-droga-plciowa-w-ameryce-lacinskiej\/\" class=\"post-more-link\">\n\t\t\t\t\tPrzeczytaj<span class=\"screen-reader-text\"> Udzia\u0142 zespo\u0142u POLARES w mi\u0119dzynarodowej konferencji na temat HIV i chor\u00f3b przenoszonych drog\u0105 p\u0142ciow\u0105 w Ameryce \u0141aci\u0144skiej<\/span><span class=\"kadence-svg-iconset svg-baseline\"><svg aria-hidden=\"true\" class=\"kadence-svg-icon kadence-arrow-right-alt-svg\" fill=\"currentColor\" version=\"1.1\" xmlns=\"http:\/\/www.w3.org\/2000\/svg\" width=\"27\" height=\"28\" viewBox=\"0 0 27 28\"><title>Kontynuuj<\/title><path d=\"M27 13.953c0 0.141-0.063 0.281-0.156 0.375l-6 5.531c-0.156 0.141-0.359 0.172-0.547 0.094-0.172-0.078-0.297-0.25-0.297-0.453v-3.5h-19.5c-0.281 0-0.5-0.219-0.5-0.5v-3c0-0.281 0.219-0.5 0.5-0.5h19.5v-3.5c0-0.203 0.109-0.375 0.297-0.453s0.391-0.047 0.547 0.078l6 5.469c0.094 0.094 0.156 0.219 0.156 0.359v0z\"><\/path>\n\t\t\t<\/svg><\/span>\t\t\t\t<\/a>\n\t\t\t<\/p>\n\t\t<\/div><!-- .entry-actions -->\n\t\t<\/footer><!-- .entry-footer -->\t\t<\/div>\n\t<\/article>\n<\/li>\n<\/ul>","protected":false},"excerpt":{"rendered":"","protected":false},"author":2,"featured_media":0,"parent":0,"menu_order":0,"comment_status":"closed","ping_status":"closed","template":"","meta":{"footnotes":""},"class_list":["post-248","page","type-page","status-publish","hentry"],"_links":{"self":[{"href":"https:\/\/www.polares.pl\/index.php\/wp-json\/wp\/v2\/pages\/248","targetHints":{"allow":["GET"]}}],"collection":[{"href":"https:\/\/www.polares.pl\/index.php\/wp-json\/wp\/v2\/pages"}],"about":[{"href":"https:\/\/www.polares.pl\/index.php\/wp-json\/wp\/v2\/types\/page"}],"author":[{"embeddable":true,"href":"https:\/\/www.polares.pl\/index.php\/wp-json\/wp\/v2\/users\/2"}],"replies":[{"embeddable":true,"href":"https:\/\/www.polares.pl\/index.php\/wp-json\/wp\/v2\/comments?post=248"}],"version-history":[{"count":4,"href":"https:\/\/www.polares.pl\/index.php\/wp-json\/wp\/v2\/pages\/248\/revisions"}],"predecessor-version":[{"id":454,"href":"https:\/\/www.polares.pl\/index.php\/wp-json\/wp\/v2\/pages\/248\/revisions\/454"}],"wp:attachment":[{"href":"https:\/\/www.polares.pl\/index.php\/wp-json\/wp\/v2\/media?parent=248"}],"curies":[{"name":"wp","href":"https:\/\/api.w.org\/{rel}","templated":true}]}}